 remainder when 5357502 is divided by 795?
792
Calculate the remainder when 1837173 is divided by 918426.
321
What is the remainder when 15270880 is divided by 6935?
10
Calculate the remainder when 318348 is divided by 315423.
2925
Calculate the remainder when 8253 is divided by 398.
293
Calculate the remainder when 1069769 is divided by 1731.
11
Calculate the remainder when 158287 is divided by 4655.
17
Calculate the remainder when 11967369 is divided by 9.
6
Calculate the remainder when 1601044 is divided by 320025.
919
Calculate the remainder when 188108 is divided by 1083.
749
What is the remainder when 25251189 is divided by 1040?
1029
What is the remainder when 80426331 is divided by 6?
3
What is the remainder when 4124 is divided by 619?
410
Calculate the remainder when 2632038 is divided by 1315956.
126
What is the remainder when 24600320 is divided by 34?
28
Calculate the remainder when 1660453 is divided by 66418.
3
What is the remainder when 5127 is divided by 1720?
1687
What is the remainder when 1690459 is divided by 201?
49
What is the remainder when 6518155 is divided by 64?
11
What is the remainder when 25577 is divided by 67?
50
Calculate the remainder when 43338602 is divided by 3423.
3422
Calculate the remainder when 69664 is divided by 3437.
924
Calculate the remainder when 11739432 is divided by 11870.
2
What is the remainder when 305077 is divided by 803?
740
What is the remainder when 120048 is divided by 120042?
6
Calculate the remainder when 338299 is divided by 67652.
39
What is the remainder when 470313 is divided by 8737?
7252
What is the remainder when 275091 is divided by 97?
96
Calculate the remainder when 244501 is divided by 2830.
1121
What is the remainder when 145541897 is divided by 18?
17
Calculate the remainder when 22692228 is divided by 197.
192
Calculate the remainder when 9977 is divided by 2162.
1329
Calculate the remainder when 91836 is divided by 1231.
742
Calculate the remainder when 4852359 is divided by 908.
7
Calculate the remainder when 144605624 is divided by 6025234.
8
Calculate the remainder when 3680519 is divided by 115015.
39
Calculate the remainder when 15002216 is divided by 3750529.
100
What is the remainder when 72421828 is divided by 423?
421
Calculate the remainder when 1921593 is divided by 406.
401
Calculate the remainder when 955958339 is divided by 3130.
3129
Calculate the remainder when 8357 is divided by 4617.
3740
What is the remainder when 854885 is divided by 24422?
115
Calculate the remainder when 17384 is divided by 404.
12
What is the remainder when 59149 is divided by 5808?
1069
What is the remainder when 387991321 is divided by 76?
73
Calculate the remainder when 481005 is divided by 24047.
65
Calculate the remainder when 73745322 is divided by 73.
65
What is the remainder when 2242363 is divided by 176?
123
Calculate the remainder when 1841058 is divided by 37.
12
Calculate the remainder when 388709 is divided by 6.
5
Calculate the remainder when 922065 is divided by 14406.
81
Calculate the remainder when 30760857 is divided by 549301.
1
Calculate the remainder when 75162 is divided by 7542.
7284
What is the remainder when 7759 is divided by 49?
17
What is the remainder when 23744099 is divided by 247?
236
What is the remainder when 1693405 is divided by 111?
100
Calculate the remainder when 59087912 is divided by 73.
33
What is the remainder when 14044112 is divided by 1755513?
8
Calculate the remainder when 129609 is divided by 1016.
577
What is the remainder when 1294688 is divided by 1294672?
16
What is the remainder when 4763658 is divided by 331?
237
Calculate the remainder when 2139684 is divided by 534918.
12
What is the remainder when 136391836 is divided by 22?
20
What is the remainder when 389767 is divided by 1002?
991
Calculate the remainder when 10061 is divided by 1718.
1471
Calculate the remainder when 42010045 is divided by 267.
265
What is the remainder when 397854 is divided by 1411?
1363
Calculate the remainder when 1698333 is divided by 612.
33
What is the remainder when 15016695 is divided by 73?
11
What is the remainder when 1347873 is divided by 869?
54
What is the remainder when 366396 is divided by 2290?
2286
What is the remainder when 1592828 is divided by 1446?
782
What is the remainder when 19843233 is divided by 8579?
6
Calculate the remainder when 2052234 is divided by 250.
234
What is the remainder when 140327200 is divided by 4385225?
0
What is the remainder when 244066 is divided by 66?
64
Calculate the remainder when 3391048 is divided by 1486.
1482
Calculate the remainder when 82992044 is divided by 54708.
8
Calculate the remainder when 167712332 is divided by 230.
12
Calculate the remainder when 272723 is divided by 8261.
110
Calculate the remainder when 226191057 is divided by 2012.
5
What is the remainder when 4695191 is divided by 939038?
1
Calculate the remainder when 4235227 is divided by 827.
160
Calculate the remainder when 1272442 is divided by 15.
7
What is the remainder when 27412903 is divided by 10294?
10275
Calculate the remainder when 108333 is divided by 9027.
9
Calculate the remainder when 177615 is divided by 3351.
12
What is the remainder when 62461 is divided by 572?
113
What is the remainder when 45809 is divided by 21969?
1871
Calculate the remainder when 608263 is divided by 15203.
143
Calculate the remainder when 86578515 is divided by 8244.
27
Calculate the remainder when 536278 is divided by 1256.
1222
Calculate the remainder when 54442 is divided by 110.
102
Calculate the remainder when 12457569 is divided by 43.
39
Calculate the remainder when 29710392 is divided by 3861.
3858
Calculate the remainder when 271095 is divided by 1279.
1226
What is the remainder when 1035290045 is divided by 3904?
3901
Calculate the remainder when 399897 is divided by 133049.
750
Calculate the remainder when 2377422 is divided by 445.
232
What is the remainder when 335019 is divided by 12819?
1725
What is the remainder when 1088751 is divided by 77765?
41
Calculate the remainder when 76502401 is divided by 1950.
1
Calculate the remainder when 315483462 is divided by 197054.
8
What is the remainder when 32996088 is divided by 1046?
18
Calculate the remainder when 138507 is divided by 34617.
39
Calculate the remainder when 25748687 is divided by 668.
627
What is the remainder when 471654 is divided by 235196?
1262
Calculate the remainder when 70750 is divided by 1826.
1362
Calculate the remainder when 9007624 is divided by 3.
1
Calculate the remainder when 820340 is divided by 91147.
17
What is the remainder when 1902530 is divided by 634166?
32
What is the remainder when 12833893 is divided by 120?
13
Calculate the remainder when 3109875 is divided by 388734.
3
Calculate the remainder when 158176 is divided by 52125.
1801
Calculate the remainder when 8427537 is divided by 28.
13
Calculate the remainder when 147433613 is divided by 38.
35
Calculate the remainder when 113268683 is divided by 121.
99
What is the remainder when 47617 is divided by 4725?
367
Calculate the remainder when 6239180 is divided by 92.
16
What is the remainder when 312845 is divided by 156377?
91
Calculate the remainder when 10435845 is divided by 203.
21
Calculate the remainder when 4968777 is divided by 322.
317
What is the remainder when 2481464763 is divided by 292?
291
What is the remainder when 298466 is divided by 37052?
2050
What is the remainder when 90033 is divided by 2174?
899
Calculate the remainder when 748492 is divided by 363.
349
Calculate the remainder when 123384 is divided by 15415.
64
What is the remainder when 1028230872 is divided by 189?
186
Calculate the remainder when 1269625 is divided by 16928.
25
Calculate the remainder when 2708795 is divided by 917.
894
Calculate the remainder when 1029656 is divided by 257407.
28
Calculate the remainder when 28751 is divided by 283.
168
What is the remainder when 2168603 is divided by 527?
525
What is the remainder when 69723496 is divided by 4498?
4496
Calculate the remainder when 192257 is divided by 250.
7
What is the remainder when 4358128 is divided by 14?
12
What is the remainder when 817937 is divided by 10?
7
What is the remainder when 88029605 is divided by 4?
1
What is the re